{"id":129,"date":"2018-03-19T10:03:08","date_gmt":"2018-03-19T10:03:08","guid":{"rendered":"http:\/\/www.gesang-gitarre.net\/?page_id=129"},"modified":"2019-01-16T22:14:12","modified_gmt":"2019-01-16T22:14:12","slug":"die-kunst-des-kuessens","status":"publish","type":"page","link":"https:\/\/www.gesang-gitarre.net\/index.php\/die-kunst-des-kuessens\/","title":{"rendered":"Die Kunst des K\u00fcssens"},"content":{"rendered":"<div style=\"display: block;\"><img fetchpriority=\"high\" decoding=\"async\" class=\"alignleft wp-image-136\" style=\"border: 1px #ccc solid; margin-bottom: 7px;\" src=\"http:\/\/www.gesang-gitarre.net\/wp-content\/uploads\/2013\/10\/webdorf3.jpg\" alt=\"webdorf3\" width=\"360\" height=\"509\" \/><\/div>\n<div>Das Programm &#8222;Die Kunst des K\u00fcssens&#8220; hat seinen Titel von dem gleichnamigen Barock-Lied von<br \/>\nHammerschmidt und Fleming. In diesem Lied wird beispielhaft erkl\u00e4rt, wie<br \/>\nrichtiges K\u00fcssen auszuf\u00fchren ist. Davon ausgehend suchten Tazberik und Kornmacher in der Musikgeschichte nach weiteren Kompositionen zu diesem Thema.<br \/>\nDas Ergebnis: poetische, witzige oder dramatische Ansichten zum K\u00fcssen aus verschiedenen Jahrhunderten und L\u00e4ndern.<\/div>\n<div>Das Programm wird von beiden K\u00fcnstlern moderiert.<\/div>\n<div><\/div>\n<div>\n<div>mit Werken von Chopin, Dowland, Hammerschmidt, Matiegka, Moniuszkow, Morley, Schubert, Schumann u.a.<\/div>\n<div><\/div>\n<\/div>\n<p><strong><em>&#8222;Sonnige Triller, lang klingende Obert\u00f6ne (von der Gitarre)&#8230; arienhafte H\u00f6hen &#8230; ausdruckstarke Minenarbeit (der S\u00e4ngerin)&#8220;<\/em><\/strong><br \/>\nschrieb Eva Eismann in der M\u00e4rkischen Oderzeitung vom 16.6.2015 &#8211; <a href=\"https:\/\/www.moz.de\/artikel-ansicht\/dg\/0\/1\/1398480\" target=\"_blank\" rel=\"noopener\">Die ganze Kritik lesen <\/a><\/p>\n<p><!-- Kunst des Kuessens --><br \/>\n<iframe id=\"sc22-widget\" src=\"https:\/\/w.soundcloud.com\/player\/?url=https%3A\/\/api.soundcloud.com\/tracks\/191655649&amp;color=ff5500&amp;auto_play=false&amp;hide_related=true&amp;show_artwork=true\" width=\"100%\" height=\"150\" frameborder=\"no\" scrolling=\"no\"><\/iframe><\/p>\n","protected":false},"excerpt":{"rendered":"<p>Das Programm &#8222;Die Kunst des K\u00fcssens&#8220; hat seinen Titel von dem gleichnamigen Barock-Lied von Hammerschmidt und Fleming. In diesem Lied wird beispielhaft erkl\u00e4rt, wie richtiges K\u00fcssen auszuf\u00fchren ist. Davon ausgehend suchten Tazberik und Kornmacher in der Musikgeschichte nach weiteren Kompositionen zu diesem Thema. Das Ergebnis: poetische, witzige oder dramatische Ansichten zum K\u00fcssen aus verschiedenen Jahrhunderten &hellip; <\/p>\n<p class=\"link-more\"><a href=\"https:\/\/www.gesang-gitarre.net\/index.php\/die-kunst-des-kuessens\/\" class=\"more-link\"><span class=\"screen-reader-text\">\u201eDie Kunst des K\u00fcssens\u201c<\/span> weiterlesen<\/a><\/p>\n","protected":false},"author":1,"featured_media":0,"parent":0,"menu_order":0,"comment_status":"closed","ping_status":"closed","template":"","meta":{"footnotes":""},"class_list":["post-129","page","type-page","status-publish","hentry"],"_links":{"self":[{"href":"https:\/\/www.gesang-gitarre.net\/index.php\/wp-json\/wp\/v2\/pages\/129","targetHints":{"allow":["GET"]}}],"collection":[{"href":"https:\/\/www.gesang-gitarre.net\/index.php\/wp-json\/wp\/v2\/pages"}],"about":[{"href":"https:\/\/www.gesang-gitarre.net\/index.php\/wp-json\/wp\/v2\/types\/page"}],"author":[{"embeddable":true,"href":"https:\/\/www.gesang-gitarre.net\/index.php\/wp-json\/wp\/v2\/users\/1"}],"replies":[{"embeddable":true,"href":"https:\/\/www.gesang-gitarre.net\/index.php\/wp-json\/wp\/v2\/comments?post=129"}],"version-history":[{"count":4,"href":"https:\/\/www.gesang-gitarre.net\/index.php\/wp-json\/wp\/v2\/pages\/129\/revisions"}],"predecessor-version":[{"id":390,"href":"https:\/\/www.gesang-gitarre.net\/index.php\/wp-json\/wp\/v2\/pages\/129\/revisions\/390"}],"wp:attachment":[{"href":"https:\/\/www.gesang-gitarre.net\/index.php\/wp-json\/wp\/v2\/media?parent=129"}],"curies":[{"name":"wp","href":"https:\/\/api.w.org\/{rel}","templated":true}]}}