{"id":222,"date":"2019-01-13T13:08:12","date_gmt":"2019-01-13T13:08:12","guid":{"rendered":"http:\/\/www.gesang-gitarre.net\/?page_id=222"},"modified":"2025-09-30T12:50:48","modified_gmt":"2025-09-30T10:50:48","slug":"elementor-222","status":"publish","type":"page","link":"https:\/\/www.gesang-gitarre.net\/","title":{"rendered":"Home"},"content":{"rendered":"<h1>Duo Scaramuccio<\/h1>\n<p>Sylvia Tazberik &#8211;\u00a0 Sopran<br \/>Michael Kornmacher &#8211; Gitarre<\/p>\n<p><em>Berlin <br \/><\/em><\/p>\n<figure>\n\t\t\t\t\t\t\t\t\t\t<img fetchpriority=\"high\" decoding=\"async\" width=\"525\" height=\"339\" src=\"https:\/\/www.gesang-gitarre.net\/wp-content\/uploads\/2019\/01\/startseite-1-1024x662.jpeg\" alt=\"\" srcset=\"https:\/\/www.gesang-gitarre.net\/wp-content\/uploads\/2019\/01\/startseite-1-1024x662.jpeg 1024w, https:\/\/www.gesang-gitarre.net\/wp-content\/uploads\/2019\/01\/startseite-1-300x194.jpeg 300w, https:\/\/www.gesang-gitarre.net\/wp-content\/uploads\/2019\/01\/startseite-1-768x497.jpeg 768w, https:\/\/www.gesang-gitarre.net\/wp-content\/uploads\/2019\/01\/startseite-1.jpeg 1140w\" sizes=\"100vw\" \/><figcaption>\u201eDer ausdrucksstarke k\u00fcnstlerische Auftritt von Sylvia Tazberik und Michael Kornmacher sprach f\u00fcr alle verst\u00e4ndlich von Sehnsucht, Gl\u00fcck und Verzweiflung.\u201c Lausitzer Rundschau, Foto: Theresa Lange<\/figcaption><\/figure>\n","protected":false},"excerpt":{"rendered":"<p>Duo Scaramuccio Sylvia Tazberik &#8211;\u00a0 SopranMichael Kornmacher &#8211; Gitarre Berlin \u201eDer ausdrucksstarke k\u00fcnstlerische Auftritt von Sylvia Tazberik und Michael Kornmacher sprach f\u00fcr alle verst\u00e4ndlich von Sehnsucht, Gl\u00fcck und Verzweiflung.\u201c Lausitzer Rundschau, Foto: Theresa Lange<\/p>\n","protected":false},"author":1,"featured_media":0,"parent":0,"menu_order":0,"comment_status":"closed","ping_status":"closed","template":"","meta":{"footnotes":""},"class_list":["post-222","page","type-page","status-publish","hentry"],"_links":{"self":[{"href":"https:\/\/www.gesang-gitarre.net\/index.php\/wp-json\/wp\/v2\/pages\/222","targetHints":{"allow":["GET"]}}],"collection":[{"href":"https:\/\/www.gesang-gitarre.net\/index.php\/wp-json\/wp\/v2\/pages"}],"about":[{"href":"https:\/\/www.gesang-gitarre.net\/index.php\/wp-json\/wp\/v2\/types\/page"}],"author":[{"embeddable":true,"href":"https:\/\/www.gesang-gitarre.net\/index.php\/wp-json\/wp\/v2\/users\/1"}],"replies":[{"embeddable":true,"href":"https:\/\/www.gesang-gitarre.net\/index.php\/wp-json\/wp\/v2\/comments?post=222"}],"version-history":[{"count":19,"href":"https:\/\/www.gesang-gitarre.net\/index.php\/wp-json\/wp\/v2\/pages\/222\/revisions"}],"predecessor-version":[{"id":404,"href":"https:\/\/www.gesang-gitarre.net\/index.php\/wp-json\/wp\/v2\/pages\/222\/revisions\/404"}],"wp:attachment":[{"href":"https:\/\/www.gesang-gitarre.net\/index.php\/wp-json\/wp\/v2\/media?parent=222"}],"curies":[{"name":"wp","href":"https:\/\/api.w.org\/{rel}","templated":true}]}}